x be 6600/77 - 4/(-14). Let c = 88 - x. Let b(n) = -5 + 0*n + 2*n + 4 - 4*n**c + 0*n**2. Give b(1).
-3
Let f(v) = v**2 - 21*v + 5. Let s = -4039 + 4053. What is f(s)?
-93
Suppose -4*s = -5*h - 7, -20*h = -2*s - 22*h - 10. Let q(f) be the second derivative of -1/2*f**2 + 0 - 2/3*f**3 + 2*f. Determine q(s).
7
Suppose -3*a + 9 = 0, 4*w + 21 = -8*a + 11*a. Let l(c) be the first derivative of 3/2*c**2 + 3*c + 3. What is l(w)?
-6
Let t(i) = 2*i + 5. Let s(n) = n + 3. Let r(q) = -2. Let v(l) = r(l) + s(l). Let a(k) = t(k) - 5*v(k). Calculate a(-1).
3
Let q(g) = g**3 - 4*g**2 - 5. Suppose -12*y - 10 + 14 = -44. Determine q(y).
-5
Let d be -1 + (4/26 - 1150/(-130)). Let w(p) = -13*p - d*p + 37*p - 17*p - 8. Give w(-14).
6
Let z(a) be the second derivative of 3*a**4/2 + 13*a**3/6 + a**2 - 6*a. Let n be z(-3). Let f(i) = -i**2 + i - i - 103 + n. Give f(0).
22
Let q(m) = m**2 - 7*m + 8. Let i(s) = -2*s**2 + 14*s - 9. Let h be i(6). Let r be h/6 - 9/(-6). Suppose r = 3*t - 19. Determine q(t).
8
Let y be (-90)/(-45) + -1*(2 + -3). Let w(k) = y + 258*k + 11 - 261*k. Determine w(6).
-4
Let w(h) = 3*h + 2. Suppose 4*r - 42 = -2*s, 117 = 5*s - 0*s - 2*r. Suppose s = -8*x + 63. What is w(x)?
17
Suppose -11204 + 13428 = 278*x. Let z(r) = r + 15 - 6 + r. Calculate z(x).
25
Let g(p) = 63*p - 13. Let q(w) = -2*w**2 - 189*w + 39. Let h(k) = 8*g(k) + 3*q(k). Determine h(-11).
-20
Let r(i) = 30*i + 1. Let l(a) = 36*a + 2. Let u(j) = 3*l(j) - 4*r(j). Determine u(-2).
26
Let y = -45 + 49. Suppose 0 = -y*q + 29 - 25. Let j(f) = f**3 + 6*f**2 - 2*f + 7. Let b(p) = -p - 1. Let a(n) = q*j(n) + 5*b(n). Calculate a(-7).
2
Suppose 2*u = 2*q - 6, u = -2*u + 2*q - 5. Let d(c) = -1572*c + 703*c + 837*c. Calculate d(u).
-32
Let t(b) = b - 3. Let d(r) = -22*r**3 + 3*r**2 + 2*r + 3. Let q be d(-3). Let p = q + -611. Calculate t(p).
4
Let i(w) be the third derivative of -13*w**4/24 - 32*w**3/3 - 8*w**2 + 39*w + 1. Give i(-6).
14
Let x(y) be the third derivative of 1/6*y**4 - 2*y**2 - 1/60*y**5 + 0*y + 0 + 2/3*y**3. Let k(r) = r**2 + 226*r - 7963. Let i be k(31). Calculate x(i).
4
Let r(z) = -9*z - 299. Let h = -28109 + 28076. Give r(h).
-2
Let c(m) be the first derivative of -5/3*m**3 + m**2 - 65 - 1/4*m**4 - 3*m. Suppose d = -2*u - 1, d = 2*d - 4*u + 13. Calculate c(d).
-13
Let i(r) = 2*r**3 - 33*r**2 + 14*r + 8. Suppose 57*p - 419 - 493 = -0. Give i(p).
-24
Let j(i) be the first derivative of i**4/4 + i**3 + 3*i**2 + 3115. Determine j(-5).
-80
Let k(q) = -q**3 - 4*q**2 + 6*q - 5. Let l(s) be the third derivative of s**4/8 + 2*s**3/3 - 65*s**2. Let y be l(-3). What is k(y)?
-10
Let v(y) be the second derivative of -77*y**3/6 + y**2 - 3*y - 713. Determine v(-1).
79
Let d(v) = -2*v**2 + 24*v + 39. Let z(q) = -2*q**2 + 20*q + 37. Let k(l) = 17*d(l) - 18*z(l). Calculate k(-24).
-3
Let a(h) = -h. Let x be a(10). Let n = 2 + x. Let l(g) = -g**2 - 8*g - 7. What is l(n)?
-7
Let z(d) = -15*d**2 - d. Suppose -s + 4*q + 3 = 2*q, s = 4*q + 9. Let k be (-2 - 5)*(s + 2). Let g be k/(-21) + (-2)/3. Calculate z(g).
-14
Let t(a) be the third derivative of a**4/4 + 4*a**3/3 - 13*a**2 - 2. Calculate t(-8).
-40
Let r(a) = -a**2 - 3*a - 6. Suppose 4*q + 5*t = 16 + 6, q - t = 10. Suppose y = -10*c + 14*c + q, 5*c = -3*y - 27. Calculate r(c).
-6
Let g(o) = o**2 - 15407 - 15465 + 29*o + 30830. Calculate g(-29).
-42
Let i = 67 + -64. Suppose -i*y = 16 + 11. Let d(w) = w**3 - 14*w + 17*w + 8*w**2 - 9 - 13*w. Calculate d(y).
0
Let r(w) = -3*w**3 + 8*w**2 + 6*w + 6. Let b(q) = 4*q**3 - 9*q**2 - 5*q - 7. Let u(a) = 2*b(a) + 3*r(a). Let m(f) = f + 1. Let j be m(6). What is u(j)?
11
Suppose -4*m + 15 = -25. Let v(p) = 7*p - 1 + p - m*p + 13. Determine v(-9).
30
Let i(z) = -13*z + 419. Suppose -2*k = -5*l - 49, 0 = 2*k + 9*l - 4*l - 79. Calculate i(k).
3
Let a(o) = 6*o + 973 + 977 - 1919. Calculate a(-13).
-47
Let l(c) = -c + 116 + 259 - 403. Calculate l(-12).
-16
Let w(k) = -7*k - 7. Let c(o) = o**3 - 9*o**2 - 3*o + 23. Let h be c(9). Let y(l) = 3*l + 4. Let z(d) = h*w(d) - 9*y(d). What is z(8)?
0
Let a = -21 - -31. Let j(o) be the third derivative of o**6/120 - 11*o**5/60 + 11*o**4/24 - 5*o**3/6 - 747*o**2 + 4*o. Give j(a).
5
Let r be -10 + 4 - -3 - 0. Suppose -3*z + 15 = y, -20 = -6*y + 2*y - 2*z. Let d(m) = -y*m - m + 7 + 5*m. Give d(r).
4
Let y(m) = -3. Let r(t) = -t + 1. Let l(x) = r(x) + y(x). Let s be l(2). Let u(f) = 7*f + 204. Let z(j) = -2*j - 51. Let p(h) = -u(h) - 4*z(h). Calculate p(s).
-4
Suppose -8*p + 48 = 4*p. Suppose 0 = -2*l - 0*l - m - 7, -p*l = m + 19. Let q(a) = -4*a - 7. What is q(l)?
17
Let x(c) = 9*c - 198. Let g be x(22). Let d be (1 + g)*(-5 - 4). Let n(p) = -p**2 - 11*p - 2. Give n(d).
16
Let h(c) = -c**2 - c + 6. Let y(i) = -22*i**3 + i**2 + 2*i + 1. Let g be y(-1). Let r = -92 + g. Let o = 70 + r. Give h(o).
6
Let n(v) = -2*v**2 + 2*v + 21. Suppose -3 = 410*p - 412*p + 11. Determine n(p).
-63
Let b(x) = -2*x - 132. Let p(y) = -9. Let z(s) = 2*b(s) - 20*p(s). Determine z(-21).
0
Suppose -97 = 83*s - 15*s + 719. Let p(w) = -13*w - 163. What is p(s)?
-7
Let j(b) = -b**2 - 2. Let v be (-3 + -3)*16/(-12). Let o be (-1 - -5) + v - (-1 - -1). Suppose -8*i - o = 12. What is j(i)?
-11
Let d(h) = 2*h + 35. Let t(c) = 33*c + 1011. Let z be t(-31). What is d(z)?
11
Let h(m) be the third derivative of m**6/120 + m**5/12 + 3*m**4/8 + 7*m**3/6 - 76*m**2 + 3. Calculate h(-2).
1
Let m(i) = -14840579*i**2 + 14840591*i**2 + 2*i**3 + 11*i + 2 - i**3. Let c be (1 - (-105)/6)*2. Suppose -c - 38 = 5*r - 4*x, -3*r = -4*x + 53. Calculate m(r).
2
Let v(k) = 13*k**3 - 41*k**2 + 3*k + 47. Let j be 2/((-85)/(-15) + -5). Let h(a) = 5*a**3 - 14*a**2 + a + 16. Let s(n) = j*v(n) - 8*h(n). Calculate s(-11).
2
Suppose 4*b = 5*r + 34, -r = b - 4*r - 12. Let k(q) = -1 + 20 - 393*q + 395*q - 20. Give k(b).
11
Let n(q) = -39*q - 1. Let x(a) = a + 1. Let b(t) = -n(t) - 2*x(t). Let i(u) = -u + 17. Let h be i(18). What is b(h)?
-38
Let x(k) = -21*k + 7 + 4*k**3 - k**3 - 4*k**3 - 5*k**3 + 9*k**2 + 5*k**3. Calculate x(6).
-11
Let t = 537 - 539. Suppose -3*s = -4*c + 29, -2*c + 4 = -3*c - 3*s. Let h(k) = 2*k**3 - 4*k + 6*k - c*k - 2 - 4*k**3. What is h(t)?
20
Suppose 23 + 9 = 5*w + 2*h, -2*w + 2*h + 24 = 0. Let u(p) = -8*p - 105*p**2 + 209*p**2 + p**3 - 111*p**2 - 5. Give u(w).
-5
Let q(w) = -24*w - 30. Let b(s) = -20*s - 27. Let y(f) = -4*b(f) + 3*q(f). Give y(-10).
-62
Let f = 10083 + -10088. Let y(r) = 2*r + 11. Determine y(f).
1
Suppose -2*o - 19 + 31 = 0, 0 = 3*g + o - 36. Let z(x) = -55*x + 552. Determine z(g).
2
Let y(d) = 96*d + 15. Let w(s) = 46*s + 7. Let f(n) = 13*w(n) - 6*y(n). Suppose 4*a + o + 14 = 0, 6*a + 17 = a - o. Let g be ((-1 - -4) + a - 1)*-1. Give f(g).
23
Let n(l) = -l**3 - 5*l**2 - 5*l + 3. Suppose -15*y + 10*y = 140. Let r = y - -26. Let g = r - 2. What is n(g)?
7
Let p(v) = 3*v - 65. Let c be p(23). Suppose i - 2*i + 1 = -5*n, -c*n - 3 = -3*i. Let d(k) = -k**3 - k**2 + 2*k + 5. Calculate d(n).
5
Let o(f) be the third derivative of f**7/2520 + 17*f**6/720 + 17*f**5/3 + 12*f**2. Let l(y) be the third derivative of o(y). Give l(-8).
1
Suppose -5*t + 77 = -3*m, -47*t + 23 = -44*t + 4*m. Suppose 69 = -t*c - 126. Let o(u) = u**3 + 16*u**2 + 16*u + 5. Give o(c).
-10
Let r(o) be the first derivative of o**4/4 - 7*o**3/3 - 4*o**2 - 11*o - 1. Let p = -56342 - -56350. Give r(p).
-11
Let o = -306 - -304. Let i(t) = -41*t - 79. Calculate i(o).
3
Let q(o) be the second derivative of -o**3/6 + 3*o**2 - 2*o. Let a(u) = -199*u**3 - u**2 + 3 + 19*u**2 + 200*u**3 + 17*u. Let h be a(-17). What is q(h)?
3
Suppose -c = -3*q - 30, 2*q - 7*q = -c + 36. Let n(z) = -13*z**2 + c*z - z - 26 + 12*z**2. Give n(18).
10
Let u(x) = -47 - 46 + x**2 + 134 - 2*x - 2*x**2 - 40. Let c = -5 - -2. Let v = 5 + c. What is u(v)?
-7
Let b(f) = -f**2 + 9*f + 12. Let q be b(10). Let y(v) be the third derivative of v**4/2 + v**3/3 + 97*v**2 - 3*v - 2. What is y(q)?
26
Let a(w) = 17*w - 503. Let x(c) = 2*c - 56. Let n(l) = 2*a(l) - 19*x(l). Determine n(13).
6
Let c(d) be the third derivative of 1 + 0*d + 3/20*d**5 + 13*d**2 + 1/120*d**6 + 4/3*d**3 + 7/24*d**4. What is c(-8)?
16
Suppose 85 = 5*k + 5*d, 5*k - 9*d = -12*d + 81. Suppose -k = 5*w, -4*w - 62 = 4*p - 58. Let g(o) = o**3 - o**2 + 1. Determine g(p).
5
Let x(n) = -n**3 + 8*n**2 + 2*n + 2